e number?
True
Suppose 18*x - 69748 = 11*x. Let h = x - -707. Is h prime?
False
Let g(p) = -5*p + 21. Let l be g(0). Suppose -24*a = -l*a - 3093. Is a a prime number?
True
Let r(a) = -36*a + 2. Let j(b) = 168*b - 27. Let t(f) = -67*f + 11. Let z(k) = -5*j(k) - 12*t(k). Let x(h) = 4*r(h) - 3*z(h). Is x(-17) prime?
False
Let f be -3 - -29 - (-13 + 17). Suppose -3*q = f*k - 25*k + 26670, -4*q = 12. Is k a composite number?
False
Let l(z) = -z**3 + 6*z**2 + 5*z - 6. Let w be l(6). Suppose 12 = 9*f - w. Suppose f*d - 510 = 298. Is d a composite number?
True
Let q(i) = i**3 + 103*i**2 + 34*i - 309. Is q(-76) a composite number?
False
Let p(q) = 716*q - 151. Let s be 2/(-11) + 7320/330. Is p(s) a composite number?
False
Let k(b) = 48*b**2 - 6*b - 7. Let n be k(-3). Suppose -4*o + 4*v + n + 585 = 0, 0 = 4*v. Is o composite?
False
Suppose -2*w + 16840 = u, -u = -3*u + 3*w + 33652. Let d = u - 8169. Is d prime?
True
Let y = 127060 + -62283. Is y a prime number?
False
Suppose 0 = 3*o + 2*w - 19293, -w - 8974 + 2538 = -o. Is o composite?
True
Is (219738/54)/((-10)/(-90)) a prime number?
False
Let d = 1 - -5. Suppose 0 = u - 3*z, 0 = -d*z + z. Suppose u = -w + 2*a + 693, w - 344 = 5*a + 361. Is w a prime number?
False
Let x(f) = -4 + 16*f + 27 - 87*f. Suppose 5*n + 26 - 6 = 0. Is x(n) a prime number?
True
Suppose -2*f = -2*m + 6854, -m + 5*f + 3425 = 3*f. Let h be m/9*1/1. Is (30/18 - 0/2)*h a prime number?
False
Is 3 + (-1472052)/(-84) - (-15)/(-35) a composite number?
True
Let c be (6 + -3)*(-12)/45*5. Let o(r) = 9*r**2 - 3*r - 2. Let i be o(c). Let s = -69 + i. Is s prime?
False
Let g = 9000 - 15982. Is ((-27)/(-54))/((-1)/g) a prime number?
True
Let p be ((-12)/20)/(4 - 15764/3940). Is ((-1)/2*0 - 4) + p a composite number?
False
Let q be (246/8)/((-9)/(-1812)). Let d = 47244 + q. Is d composite?
True
Suppose 2*f = -j - 233, f = -0*f - 3. Let k = 135 - j. Let a = -199 + k. Is a composite?
False
Suppose 0 = -3*u + 615 + 45. Suppose -4*o = -0*r - 4*r + 164, -2*r + o + 80 = 0. Suppose -u = -v + r. Is v composite?
True
Is 13404/18*33*(20 - 6) - -6 a composite number?
True
Let k be 162*24 + (-4 - (-2 - -1)). Suppose 11*b + 4*b = k. Is b prime?
False
Let a(j) = -3834*j + 457. Is a(-10) a composite number?
True
Let s(j) = -6224*j - 717. Is s(-11) a prime number?
False
Is 0 + 301451 + 6/1 + 2 prime?
True
Suppose -5*a = -41 - 49. Suppose -p - y + 5 + 1 = 0, 3*p - a = -y. Is p/(-8) + 21420/80 prime?
False
Suppose 87*u - 7918195 = 424255 + 1510735. Is u a composite number?
True
Let a(v) = -5*v - 7. Let z be a(-2). Suppose y - u - 14 = z*u, 4*y + 3*u - 94 = 0. Let n(h) = h**3 - 24*h**2 + 44*h + 13. Is n(y) prime?
True
Let i be 10/3*48/40. Suppose 3*c = -2*d + 15 + 3, 5*d = -i*c + 31. Is c*(-1137)/(-36)*3 composite?
False
Is (0 + -8388 + 1)*((2 - 2) + -1) a composite number?
False
Let o(p) = 2*p**3 + 53*p**2 + 68*p - 71. Let j(l) = -l**3 - 26*l**2 - 33*l + 35. Let b(g) = -13*j(g) - 6*o(g). Is b(18) prime?
False
Let r be (297/(-6))/(-9)*-6. Let b = r + 27. Is (1 - -380)/(-2*3/b) a prime number?
False
Is (646 - -1)/((-11)/(-913)) a prime number?
False
Is (6/(-4) - 19/38) + 40574/2 a composite number?
True
Suppose -4*w = -r - 12835092 + 3480505, -5*w + 11693113 = 16*r. Is w composite?
True
Is ((-50)/(10750/50560131))/(3/(-25)) a prime number?
False
Suppose 5*j - 33 = 2*q - 5*q, -3*j + q = -17. Suppose 0 = 4*c + j*c - 230. Let x = c + 240. Is x a composite number?
False
Suppose a - 4040 = -5*y + 34476, 4*a = -4*y + 154016. Is a a prime number?
True
Suppose -4*k + 41 = 5*y, 2*y + 2*y - 37 = k. Is 23644/y - (-6)/(-54) composite?
True
Let r = 35 - 31. Is (1 + 0)/(r/89620*5) prime?
True
Let i(f) = 3*f**3 + 5*f**2 + 4*f + 1. Let x = -6 - -8. Let q be 72/15 + 4/40*x. Is i(q) a composite number?
False
Suppose 6 = 2*v, 5*v + 3 = g + 16. Suppose -g*u - 2*u + 5*w + 17 = 0, 4*w = -3*u + 5. Suppose -u*f = -3*k - 0*k - 6153, -4*k = -2*f + 4098. Is f a prime number?
True
Let i be 35028/3 + (-5 - -4). Suppose -3*t + 7579 = 3*c - i, -2*t = 6. Is c composite?
False
Let l(a) = 25*a + 4. Let p be l(11). Suppose 3*g - p = 1128. Is g prime?
False
Suppose -19*k = -35*k - 179*k + 119668965. Is k prime?
False
Let g be (-3 + (-20)/12)*-6. Let k be g/(-5) - 52/130. Is ((-353)/(-2))/(k/(-12)) prime?
True
Suppose -2*d = -d - 4*b - 16, d - 3*b - 15 = 0. Suppose q - 2*u + 6*u = d, 3*u = -3. Is ((-307)/(-4))/(4/q) a prime number?
True
Let y be (-2 + -1906246 - 7) + (-3)/3. Is -1*((-6)/16 + y/128) a composite number?
True
Let v be (0 - 14)*(-4914)/21. Let r = v - 1293. Is r composite?
True
Let d(p) = p**2 - p - 8. Let w be d(-3). Suppose 5*x = w*b - 3, 2*b = -0*b - 6. Is (-1)/(x + (-794)/(-265)) a composite number?
True
Suppose 13*q + 6726 = 7*q. Let u = q + 2592. Is u composite?
False
Suppose -35 = -13*r + 8*r. Let u = 7 - r. Suppose u*c - 325 = -c - 2*s, -4*c + 1355 = -3*s. Is c composite?
True
Let i(v) = -1474*v - 73. Let o be i(-20). Suppose -o = z - 8*z. Is z a prime number?
True
Let x(k) = 865*k**2 + 47*k + 317. Is x(-9) a composite number?
False
Suppose 3*b = -4*d + 14485, 5*b + 3*d - 21805 = 2322. Suppose 188*h + 8 = 190*h. Suppose h*v - b = -v - 4*z, 2*z = -6. Is v prime?
True
Let u(o) = -50*o**2 - 11*o + 19. Let k be u(11). Let s = k - -8876. Suppose 0 = 7*g - 3*g - s. Is g prime?
False
Let d(a) = 138*a - 13. Is d(17) a composite number?
False
Let n = 351 - 133. Let p = n + -1608. Let y = 2069 + p. Is y prime?
False
Suppose 5360557 = 5*u - 4*n - 349666, 2*u = n + 2284085. Is u a prime number?
True
Is (2 - (1 + 1 - 8)) + 431559 a composite number?
False
Let o(y) = 89*y**2 - 10*y - 3. Let q(k) = -5*k**3 + 9 - 9 + 0*k**3 + k. Let b be q(-1). Is o(b) prime?
True
Let x = 19532 - -9587. Is x prime?
False
Suppose -13*f = 89*f + 115*f - 11121901. Is f prime?
False
Let i(h) = h**3 - 20*h**2 + 38*h - 8. Let m be i(18). Suppose m*y + 12 = 22*y. Is (-7)/y*446/7 composite?
False
Let l(j) = 63*j**2 - 4*j - j + 10 + 4*j + 5*j. Is l(-2) composite?
True
Is (-1707416)/(-10) - (-31 - (-3002)/95) prime?
True
Let j(y) = 24*y**3 - y**2 - 2*y + 1. Let u(q) = 2*q + 24. Let k be u(-11). Suppose -k - 4 = -3*r. Is j(r) a composite number?
True
Let g(n) = -15*n - 4. Let o be g(1). Let v(f) = -f**3 + 4*f**2 + 34*f + 12. Is v(o) composite?
False
Let t = 15540 + -6542. Let x = t - 5517. Is x a prime number?
False
Let t be (-2)/(-13) + 6381/13. Let x be -2 + (1 - 0) + (-4 - t). Let p = 975 + x. Is p prime?
True
Let f(r) be the first derivative of 5*r**4 + 2*r**3/3 + 15*r**2/2 + 4*r - 24. Is f(5) composite?
True
Is 3960 - ((-8 - (-11 + 3)) + 1) a prime number?
False
Let j = -6966 - -24695. Is j prime?
True
Suppose 116 - 25 = 13*r. Suppose w = 3, 3*a - 48 = -r*w + 4*w. Suppose 0 = a*c - 8*c - 4790. Is c a composite number?
True
Let h = -13347 - -82528. Is h a prime number?
False
Suppose -468805 = -d + 5*f, 123*d - 128*d = -3*f - 2344025. Is d prime?
False
Let z(l) = -29*l**3 - 10*l**2 + 31*l. Let f be z(-13). Is f/132 + (-2)/(-11) composite?
False
Let s = 75225 - 32326. Is s composite?
False
Let q(k) = 46921*k**2 + 67*k + 129. Is q(-2) composite?
True
Let b = -355 + 668. Let c(s) = 133*s - 527. Let p be c(4). Suppose -p*i + 2182 + b = 0. Is i composite?
False
Let j = 1351 + -362. Is j prime?
False
Let f be (1091430/120)/(-3 - (-25)/8). Let r = f + -32731. Is r prime?
True
Suppose 684466 = 2*j - 5*h - 255602, j = -3*h + 470045. Is j composite?
False
Let j(q) = -q**2 - 14*q + 19. Let t be j(-15). Let z be (-3 + 1)*878/t. Let i = z - -1328. Is i a composite number?
True
Suppose -2*v = 10, 0*g - v - 25 = -4*g. Is ((-654)/4 + g)/(1/(-38)) a prime number?
False
Let g(p) = -4*p + 2*p + 25*p - 5*p**3 + 49 + 6*p**3 - 18*p**2. Is g(23) a composite number?
True
Suppose -11*b + 1135 = -6*b. Let d = 1466 - b. Let n = -260 + d. Is n a composite number?
True
Let n(k) = 2*k + 1. Let g be n(2). Suppose 18 = -672*u + 654*u. Is ((-15)/g - 10123)/(u + -1) prime?
False
Let m = 179 - 184. Is (m + (-27198)/27)*-3 a prime number?
True
Let r(n) = n**3 - 6*n**2 - 4*n + 19. Let y be r(5). Let w = y + 14. Is (8/w)/(2/(-63)) a prime number?
False
Let c(h) = -77*h - 2. Let w be c(0). Let n = -4 + 2. Is n - (2 + w + -1215) a prime number?
True
Suppose 0 = 10*k - 3*a - 556384 + 117485, -5*a + 87763 = 2*k. Is k a composite number?
False
Suppose -3*u -